3 = 307. Calculate the remainder when g is divided by 89.
63
What is the remainder when 306/765 - ((-4488)/5 - 3) is divided by 284?
49
Suppose 1098 = k + 3*y, 15*y = 2*k + 12*y - 2214. Calculate the remainder when k is divided by 65.
64
Let o(a) = -10*a**2 - 404*a - 163. Calculate the remainder when o(-36) is divided by 79.
78
Let u be 164/12 - (4/(-6))/2. What is the remainder when (-2)/(-6) - (-3492)/54 is divided by u/21*(-102)/(-4)?
14
Suppose -265*a + 969 = -2982 - 1084. Let d(c) = c**2 - 5*c + 7. What is the remainder when d(-5) is divided by a?
0
Let p = 17330 + -17124. What is the remainder when p is divided by 60?
26
Suppose -3*y + 2*i = -402, -3*y + 198 = 5*i - 204. What is the remainder when y is divided by -3 + -3 + 13 + 21?
22
Let v be 274*-3*(-20)/6. Suppose 2739 = 6*i - 4*i - 3*k, 0 = -2*i + 4*k + v. Suppose 0 = -11*b + 5*b + i. Calculate the remainder when b is divided by 46.
44
Let a(w) = -w**3 + 5*w**2 + 6*w + 22. Let l = -150 - -250. What is the remainder when l is divided by a(5)?
48
Let q = 264 - 184. Suppose -122 = -2*y + 2*j, y + 3*j + 23 = q. What is the remainder when 224 is divided by y?
44
Suppose 7*i = 299 - 82. Suppose i = 3*l - r - 29, 2*r + 6 = 0. What is the remainder when 74 is divided by l?
17
Let v(c) = -c. Let b(x) = -5*x - 16. Let m(l) = -b(l) + 6*v(l). Let u be 5 - 6 - (-24)/2. What is the remainder when 18 is divided by m(u)?
3
Let r = 43 + -30. Suppose -147*n - 195*n + 34*n + 2464 = 0. What is the remainder when r is divided by n?
5
Let h(c) = 3*c + 61. Let r be h(-7). What is the remainder when (-528)/r*(-60)/9 is divided by 23?
19
Suppose -13*z + 51*z = 760. Suppose z*h = -15*h + 630. Calculate the remainder when h is divided by 97/9 - (-2)/9.
7
Let l(j) = 2*j**2 - 107*j - 558. Calculate the remainder when 146 is divided by l(-5).
11
Suppose 3*v = -r - 3*r + 46, -3*v = 3*r - 36. Suppose -8*g + 2777 = 2713. Suppose r*j - 24 = g*j. What is the remainder when 20 is divided by j?
8
Let h(j) = 8*j**2 + 3*j**2 + 10*j**2 - 20*j**2 - 2 - 12*j. What is the remainder when 124 is divided by h(-3)?
38
Suppose 19*t = 50*t - 3658. Calculate the remainder when t is divided by 26.
14
Let n(d) = 4*d**2 + 10*d + 66. Let s(f) = -8*f**2 - 19*f - 137. Let j(h) = 7*n(h) + 3*s(h). What is the remainder when j(14) is divided by 12?
9
Let s = -10 - -28. Suppose f - 15 = -g, 4*f + 0*g - 61 = -5*g. Let w = f + 21. What is the remainder when w is divided by s?
17
Suppose -5*v = 2*y - 22, v + y - 7 = -2. Let n(c) = -6*c + 33. Let p be n(5). Suppose -p = 2*u - 7. Calculate the remainder when v is divided by u.
0
Suppose 2*s = 0, 2*s = -5*p - 77 + 322. Let m = -43 + 57. Suppose -m = -z + 11. What is the remainder when p is divided by z?
24
Let c(g) = -9*g**3 + 14*g**2 + 19*g + 32. Calculate the remainder when 483 is divided by c(-2).
117
Let y(u) = u**3 + 18*u**2 - 38*u + 3. Let t be y(-20). What is the remainder when 140 is divided by 4 - (t - (6 - 0))?
46
Suppose d - 228 = -4*i, -81*i + 79*i = -3*d + 614. Suppose -3*g - r + 123 = 0, -4*r + 30 = -2*g + 3*g. What is the remainder when d is divided by g?
40
Suppose -4*r - 3*i = 0, -2*r + 8 = 2*r + i. Suppose 7*u - 3*u = 4*g - 280, 0 = -r*g - 4*u + 203. Calculate the remainder when 411 is divided by g.
66
Calculate the remainder when -18 + 34 + (-2034)/(-6) is divided by ((-17)/(-2) - 0)*6.
49
Let i = 1780 - 1745. Calculate the remainder when 242 is divided by i.
32
Suppose -24*s = 44*s - 1428. What is the remainder when 217 is divided by (1 - 2) + (-5 - (-7 - s))?
19
Suppose 0 = -6*s + 5 + 25. Let n(a) = -a**3 + 5*a**2 + 2*a + 2. Let t be n(s). Suppose t*f - 15 = 7*f. What is the remainder when f is divided by 2?
1
Let q = 2717 - 2628. Calculate the remainder when q is divided by 45.
44
Let s = 49 + -22. Let a(r) = -14*r + 45. Let x be a(3). Suppose 8*j = -x*j + 110. What is the remainder when s is divided by j?
7
Calculate the remainder when (-1 + (-175)/5)/(728/(-180) - -4) is divided by 17.
11
Let i(q) = q**2 + 15*q + 51. Suppose 0*l - 51 = 5*l - 2*s, s = 3*l + 31. What is the remainder when 23 is divided by i(l)?
2
Suppose -4*z = -c - 19, -c - c + 10 = 4*z. Suppose z*j - 3*p - 138 = 114, 2*p = 0. What is the remainder when 313 is divided by j?
61
Let h(j) = j**3 + 8*j**2 + 15*j - 38. Let i be h(9). Suppose 85*y - 74*y - i = 0. Let s(o) = 3*o - 3. What is the remainder when y is divided by s(6)?
14
Let b(i) = -381*i - 683. Calculate the remainder when b(-2) is divided by (6/(-4))/((-48)/448).
9
Let o(f) be the second derivative of 2*f**4 + 11*f**3/6 + 6*f**2 - 47*f. Calculate the remainder when o(-4) is divided by 71.
68
Suppose -94 = -16*r + 751 - 205. What is the remainder when 244 is divided by r?
4
Let d(l) = l**2 + 45*l - 443. Calculate the remainder when 5070 is divided by d(-54).
39
Suppose 2*m - 5*t - 246 - 143 = 0, m - 2*t - 193 = 0. What is the remainder when 203 is divided by m?
16
Suppose 57*x - 2*t = 66*x - 21168, -11743 = -5*x - 3*t. Calculate the remainder when x is divided by 12.
2
Let c be 0 - (-1 + -9)*(-4)/(-10). Suppose -c*p = t + 54, 2*t + 77 = -5*p - 28. Let i = t + 78. Calculate the remainder when 54 is divided by i.
26
Calculate the remainder when 1054 is divided by (-17)/5 + (-39)/65 + (-56)/(-2).
22
Let b = 1099 - 412. Calculate the remainder when 694 is divided by b.
7
Suppose -35*w = -8*w - 54. Suppose -w*n - 88 = -2*g, -26*n + 10 = -28*n. Calculate the remainder when 41 is divided by g.
2
Suppose 2*b + 5*d - 60 = 33, 0 = 5*d - 15. What is the remainder when (-349)/2*(-26 - -24) is divided by b?
37
Suppose 0 = 35*d - 38*d + 48. Let w(z) = -z**2 + 333. Calculate the remainder when 289 is divided by w(d).
58
Suppose 95*k + 20 = 91*k, -g + 4*k = -54. Let i be ((-7)/2)/(2/(-4)). Suppose -50 - i = -3*h. What is the remainder when g is divided by h?
15
Let t(z) = 3*z**3 + 17*z**2 - 186*z + 70. What is the remainder when 5216 is divided by t(-11)?
176
What is the remainder when 678 is divided by 30 + (49 + 21)/(-10)?
11
Let d = -9608 - -10179. Calculate the remainder when d is divided by 14.
11
Suppose -70 + 28 = -6*n. Suppose 6*s + 228 = n*s. What is the remainder when (s/(-18))/((-6)/9) is divided by 12?
7
Suppose -66*p = -92*p + 286. Calculate the remainder when 279 is divided by p.
4
Let p = 66 + -62. Suppose 106 = p*l - 854. Suppose 0 = i - 6*i + l. What is the remainder when i is divided by 13?
9
Let q(b) = -21*b + 479. What is the remainder when q(-13) is divided by 29?
27
Let j = 54 + -48. Let n(f) = -f**3 + 14*f**2 - 5*f - 13. What is the remainder when n(j) is divided by 63?
56
Let n = 217 - 156. Let p = 70 + n. What is the remainder when p is divided by 47?
37
Suppose -13 = -3*o - 2*z, -2*z - 23 = -5*o + 4. Suppose 0 = -o*l + 29 + 76. What is the remainder when 78 is divided by l?
15
Suppose o + i - 33 = -o, -3*i = -5*o + 66. Let m(x) = 6*x**3 - 17*x**2 - 1921*x + 7688. What is the remainder when m(4) is divided by o?
11
Let d = -23 - -28. Suppose 0 = -0*i + d*i - 40. Let n = 991 + -972. Calculate the remainder when n is divided by i.
3
Let r(x) = -10 - 9*x + 14*x + 15*x + 7*x. Calculate the remainder when r(8) is divided by 19.
16
Suppose 6*o - 951 + 980 = 1277. Calculate the remainder when 414 is divided by o.
206
Suppose -9*b + 256 = -b. Suppose -5*u + b = -3*n - 46, u - 26 = -2*n. Calculate the remainder when 155 is divided by u.
11
Let r(y) = -2*y**2 + 16*y - 18. Let k be r(5). Calculate the remainder when (-6)/k*26*-1 is divided by 4.
1
Let n(m) = 4*m**3 - 540*m**2 - 539*m - 235. What is the remainder when n(136) is divided by 100?
45
Suppose 0 = 4*b + 5*n + 151, -2*b + 2*n - 186 = 2*b. Let x = 36 + b. Let g(a) = -4*a + 7. Calculate the remainder when g(x) is divided by 21.
18
Let n(z) = z**2 + 17*z - 11. Let b be n(-13). Let f = b - -80. Let u = -106 - -168. What is the remainder when u is divided by f?
11
Suppose 5*p = 2*j - 262, j - 5*p = 4*j - 368. What is the remainder when j is divided by 119?
7
Let x = -229 - -214. What is the remainder when 251 is divided by 2 + 1 - 4/(4/x)?
17
Let x = -203 - -296. Suppose 54*d + x = 57*d. Calculate the remainder when 57 is divided by d.
26
Let i = 189 + -127. Suppose q = -3*y + 23, -2*y + 3*y = 3*q - 49. Calculate the remainder when i is divided by q.
11
Let r = 350 - 271. Suppose -86 = -5*c - 2